{"id":1107,"date":"2011-12-14T17:53:13","date_gmt":"2011-12-14T16:53:13","guid":{"rendered":"http:\/\/interactiveworld.pl\/?page_id=1107"},"modified":"2015-10-02T22:30:35","modified_gmt":"2015-10-02T21:30:35","slug":"magda-engelmajer","status":"publish","type":"page","link":"https:\/\/serwis.interactiveworld.pl\/?page_id=1107","title":{"rendered":"Magdalena Engelmajer"},"content":{"rendered":"<p>31-letnia aktorka w 2005 roku uko\u0144czy\u0142a Wydzia\u0142 Lalkarski PWST we Wroc\u0142awiu. Od 2004 roku gra w serialu \u201ePierwsza Mi\u0142o\u015b\u0107\u201d., w latach 2005-2006 w serialu \u201eWarto Kocha\u0107\u201d, a w 2006 roku tak\u017ce w jednym z odcink\u00f3w \u201eFali Zbrodni\u201d. Dopiero w 2010r. zagra\u0142a rol\u0119 w filmie fabularnym pt. \u201ePowiedz prawd\u0119, przecie\u017c ci\u0119 nie bij\u0119\u201d w re\u017cyserii Witolda \u015awi\u0119tnickiego. Grudzie\u0144 2011 \u2013 to czas, w kt\u00f3rym Magda Engelmajer po raz pierwszy poprowadzi\u0142a program \u201eZagadkowa Noc\u201d produkcji firmy Green Hat Studios z siedzib\u0105 w Warszawie.<\/p>\n<p style=\"text-align: center;\"><img loading=\"lazy\" decoding=\"async\" class=\"aligncenter wp-image-4695\" title=\"Zagadkowa noc - Magdalena Engelmajer\" src=\"https:\/\/serwis.interactiveworld.pl\/wp-content\/uploads\/2011\/08\/11.png\" alt=\"Zagadkowa noc - Magdalena Engelmajer\" width=\"450\" height=\"275\" srcset=\"https:\/\/serwis.interactiveworld.pl\/wp-content\/uploads\/2011\/08\/11.png 900w, https:\/\/serwis.interactiveworld.pl\/wp-content\/uploads\/2011\/08\/11-300x183.png 300w\" sizes=\"auto, (max-width: 450px) 100vw, 450px\" \/><strong>Magdalena Engelmajer w &#8222;Zagadkowej nocy&#8221;<\/strong><\/p>\n<p>&nbsp;<\/p>\n","protected":false},"excerpt":{"rendered":"<p>31-letnia aktorka w 2005 roku uko\u0144czy\u0142a Wydzia\u0142 Lalkarski PWST we Wroc\u0142awiu. Od 2004 roku gra w serialu \u201ePierwsza Mi\u0142o\u015b\u0107\u201d., w latach 2005-2006 w serialu \u201eWarto Kocha\u0107\u201d, a w 2006 roku tak\u017ce w jednym z odcink\u00f3w \u201eFali Zbrodni\u201d. Dopiero w 2010r. zagra\u0142a rol\u0119 w filmie fabularnym pt. \u201ePowiedz prawd\u0119, przecie\u017c ci\u0119 nie bij\u0119\u201d w re\u017cyserii Witolda<a href=\"https:\/\/serwis.interactiveworld.pl\/?page_id=1107\">&nbsp;&nbsp;[wi&#281;cej]<\/a><\/p>\n","protected":false},"author":1,"featured_media":0,"parent":0,"menu_order":0,"comment_status":"open","ping_status":"open","template":"","meta":{"footnotes":""},"class_list":["post-1107","page","type-page","status-publish","hentry"],"_links":{"self":[{"href":"https:\/\/serwis.interactiveworld.pl\/index.php?rest_route=\/wp\/v2\/pages\/1107","targetHints":{"allow":["GET"]}}],"collection":[{"href":"https:\/\/serwis.interactiveworld.pl\/index.php?rest_route=\/wp\/v2\/pages"}],"about":[{"href":"https:\/\/serwis.interactiveworld.pl\/index.php?rest_route=\/wp\/v2\/types\/page"}],"author":[{"embeddable":true,"href":"https:\/\/serwis.interactiveworld.pl\/index.php?rest_route=\/wp\/v2\/users\/1"}],"replies":[{"embeddable":true,"href":"https:\/\/serwis.interactiveworld.pl\/index.php?rest_route=%2Fwp%2Fv2%2Fcomments&post=1107"}],"version-history":[{"count":7,"href":"https:\/\/serwis.interactiveworld.pl\/index.php?rest_route=\/wp\/v2\/pages\/1107\/revisions"}],"predecessor-version":[{"id":4697,"href":"https:\/\/serwis.interactiveworld.pl\/index.php?rest_route=\/wp\/v2\/pages\/1107\/revisions\/4697"}],"wp:attachment":[{"href":"https:\/\/serwis.interactiveworld.pl\/index.php?rest_route=%2Fwp%2Fv2%2Fmedia&parent=1107"}],"curies":[{"name":"wp","href":"https:\/\/api.w.org\/{rel}","templated":true}]}}