{"id":1414,"date":"2012-07-18T20:47:46","date_gmt":"2012-07-18T19:47:46","guid":{"rendered":"http:\/\/serwis.interactiveworld.pl\/?page_id=1414"},"modified":"2012-07-18T20:47:46","modified_gmt":"2012-07-18T19:47:46","slug":"wywiad-z-magdalena-michniak","status":"publish","type":"page","link":"https:\/\/serwis.interactiveworld.pl\/?page_id=1414","title":{"rendered":"Wywiad z Magdalen\u0105 Michniak"},"content":{"rendered":"<p style=\"text-align: center;\"><img loading=\"lazy\" decoding=\"async\" class=\"aligncenter\" src=\"http:\/\/files.programyinteraktywne.webnode.com\/200000120-abaa6ac282\/magdamichniak-300x225.png\" alt=\"\" width=\"480\" height=\"358\" \/><\/p>\n<p style=\"text-align: center;\">Magdalena Michniak prowadzi\u0142a takie programy jak Turbo granie, Wrzu\u0107 na luz, Nocne granie, Granie na \u015bniadanie, Granie na ekranie oraz Apetyt na kas\u0119.<\/p>\n<p><strong>kyrut., u\u017cytkownik serwisu i forum Interactiveworld.pl pyta<\/strong>: jaki by\u0142 Pani pierwszy program interaktywny i jakie uczucia towarzyszy\u0142y Pani przy nim?<br \/>\n<strong>Magdalena Michniak odpowiada<\/strong>: Pierwszy program interaktywny, kt\u00f3ry mia\u0142am przyjemno\u015b\u0107 poprowadzi\u0107 to Turbo granie dla TVN Turbo. Nie ukrywam, \u017ce towarzyszy\u0142a mi lekka trema, bo by\u0142 to oczywi\u015bcie program na \u017cywo i stara\u0142am si\u0119 wypa\u015b\u0107 jak najlepiej \ud83d\ude42\u00a0 Wzi\u0119\u0142am trzy oddechy i posz\u0142o, a wysz\u0142o jak wysz\u0142o \ud83d\ude42 To ju\u017c nie mnie to ocenia\u0107, natomiast sama \u015bwiadomo\u015b\u0107, \u017ce obdarzono mnie zaufaniem zawodowym (mam tu na my\u015bli moj\u0105 Producentk\u0119) by\u0142a dla mnie ogromn\u0105 mobilizacj\u0105 do tej pracy.<\/p>\n<p><strong>kyrut. pyta<\/strong>: jaka atmosfera planowa\u0142a na planie program\u00f3w?<br \/>\n<strong>Magdalena Michniak odpowiada<\/strong>: Atmosfera, kt\u00f3ra panowa\u0142a w naszej ekipie by\u0142a bardzo mi\u0142a, ciesz\u0119 si\u0119, \u017ce mog\u0142am do\u0142\u0105czy\u0107 do zespo\u0142u do\u015bwiadczonych ludzi, kt\u00f3rzy bardzo mi pomogli w moich &#8222;interaktywnych pocz\u0105tkach&#8221; \ud83d\ude42\u00a0 W tym miejscu dzi\u0119kuj\u0119 za wyrozumia\u0142o\u015b\u0107 i cenne wskaz\u00f3wki ze strony wydawc\u00f3w jak r\u00f3wnie\u017c mojej Szefowej.<\/p>\n<p><strong>kyrut. pyta<\/strong>: po upadku TVN Gra programy zacz\u0119\u0142y si\u0119 robi\u0107 niezbyt ciekawe. Jaka by\u0142a tego przyczyna?<br \/>\n<strong>Magdalena Michniak odpowiada<\/strong>: W zasadzie trudno mi odnie\u015b\u0107 si\u0119 do tego pytania, wydaje mi si\u0119, \u017ce to<br \/>\nkwestia indywidualnych upodoba\u0144, co\u015b co dla jednego mo\u017ce wydawa\u0107 si\u0119 nudne, dla kogo\u015b innego b\u0119dzie ciekawe \ud83d\ude42<\/p>\n<p><strong>kyrut. pyta<\/strong>: mi\u0142o wspomina Pani prac\u0119 w TVN Gra?<br \/>\n<strong>Magdalena Michniak odpowiada<\/strong>: Prac\u0119 dla TVN-u wspominam niezmiernie mi\u0142o i uwa\u017cam, \u017ce by\u0142a<br \/>\ndoskona\u0142ym warsztatem zawodowym, bo najwa\u017cniejsze by robi\u0107 to, co si\u0119 lubi:)<\/p>\n<p><strong>kyrut. pyta<\/strong>: bez wpadek na \u017cywo si\u0119 nie ob\u0119dzie. Pami\u0119ta mo\u017ce Pani jakie\u015b wpadki, kt\u00f3re przydarzy\u0142y si\u0119 Pani podczas program\u00f3w?<br \/>\n<strong>Magdalena Michniak odpowiada<\/strong>: Wpadki by\u0142y oczywi\u015bcie &#8211; w ko\u0144cu to programy tworzone na \u017cywo. Chyba najbardziej bawi\u0142y mnie telefony od dzieci, kt\u00f3re nieporadnie pr\u00f3bowa\u0142y zafa\u0142szowa\u0107 sw\u00f3j wiek \ud83d\ude42 To urokliwe.<\/p>\n<p><strong>kyrut. pyta<\/strong>: jak wiemy, odesz\u0142a Pani bez s\u0142owa z program\u00f3w TVN. Czy mo\u017cemy pozna\u0107 tego przyczyn\u0119?<br \/>\n<strong>Magdalena Michniak odpowiada<\/strong>: Ka\u017cda praca wcze\u015bniej czy p\u00f3\u017aniej dobiega ko\u0144ca, jak to si\u0119 m\u00f3wi: &#8222;jedne drzwi si\u0119 zamykaj\u0105, drugie otwieraj\u0105&#8221; .<\/p>\n<p><strong>kyrut. pyta<\/strong>: obecnie programy Call-TV podupad\u0142y. Jak Pani s\u0105dzi, jaka jest tego przyczyna?<br \/>\n<strong>Magdalena Michniak odpowiada<\/strong>: Nie ukrywam, \u017ce nic mi na ten temat nie wiadomo, dlatego nie wypowiem si\u0119 w tej kwestii.<\/p>\n<p><strong>kyrut. pyta<\/strong>: jakie s\u0105 Pani zainteresowania?<br \/>\n<strong>Magdalena Michniak odpowiada<\/strong>: Kocham podr\u00f3\u017cowa\u0107 po \u015bwiecie, chocia\u017c aktualnie nie mam na to zbyt du\u017co czasu. Nie lubi\u0119 marzn\u0105\u0107, wi\u0119c ze sport\u00f3w zimowych wybieram jedynie \u0142y\u017cwy. Lubi\u0119 wypady na strzelnic\u0119 z moj\u0105 przyjaci\u00f3\u0142k\u0105, gram te\u017c<br \/>\nw tenisa. W wolnych chwilach pomykam na rolkach po parku, ale najbardziej relaksuje mnie gra na pianinie, komponuje sobie r\u00f3wnie\u017c r\u00f3\u017cne melodyjki do szuflady, wi\u0119c jak mam tylko mo\u017cliwo\u015b\u0107 i w pobli\u017cu jest pianino, to po prostu siadam i gram:) Muzyki s\u0142ucham w aucie od klasyki do pop-u.<\/p>\n<p style=\"text-align: right;\"><em>Wywiad zosta\u0142 przeprowadzany przez jednego z naszych u\u017cytkownik\u00f3w, a dok\u0142adniej przez kyruta.<\/em><\/p>\n<p style=\"text-align: center;\">Pozdrawiamy Pani\u0105 Magdalen\u0119 Michniak bardzo gor\u0105co i \u017cyczymy dalszych sukces\u00f3w \ud83d\ude42<\/p>\n","protected":false},"excerpt":{"rendered":"<p>Magdalena Michniak prowadzi\u0142a takie programy jak Turbo granie, Wrzu\u0107 na luz, Nocne granie, Granie na \u015bniadanie, Granie na ekranie oraz Apetyt na kas\u0119. kyrut., u\u017cytkownik serwisu i forum Interactiveworld.pl pyta: jaki by\u0142 Pani pierwszy program interaktywny i jakie uczucia towarzyszy\u0142y Pani przy nim? Magdalena Michniak odpowiada: Pierwszy program interaktywny, kt\u00f3ry mia\u0142am przyjemno\u015b\u0107 poprowadzi\u0107 to Turbo<a href=\"https:\/\/serwis.interactiveworld.pl\/?page_id=1414\">&nbsp;&nbsp;[wi&#281;cej]<\/a><\/p>\n","protected":false},"author":1,"featured_media":0,"parent":0,"menu_order":0,"comment_status":"open","ping_status":"open","template":"","meta":{"footnotes":""},"class_list":["post-1414","page","type-page","status-publish","hentry"],"_links":{"self":[{"href":"https:\/\/serwis.interactiveworld.pl\/index.php?rest_route=\/wp\/v2\/pages\/1414","targetHints":{"allow":["GET"]}}],"collection":[{"href":"https:\/\/serwis.interactiveworld.pl\/index.php?rest_route=\/wp\/v2\/pages"}],"about":[{"href":"https:\/\/serwis.interactiveworld.pl\/index.php?rest_route=\/wp\/v2\/types\/page"}],"author":[{"embeddable":true,"href":"https:\/\/serwis.interactiveworld.pl\/index.php?rest_route=\/wp\/v2\/users\/1"}],"replies":[{"embeddable":true,"href":"https:\/\/serwis.interactiveworld.pl\/index.php?rest_route=%2Fwp%2Fv2%2Fcomments&post=1414"}],"version-history":[{"count":1,"href":"https:\/\/serwis.interactiveworld.pl\/index.php?rest_route=\/wp\/v2\/pages\/1414\/revisions"}],"predecessor-version":[{"id":1417,"href":"https:\/\/serwis.interactiveworld.pl\/index.php?rest_route=\/wp\/v2\/pages\/1414\/revisions\/1417"}],"wp:attachment":[{"href":"https:\/\/serwis.interactiveworld.pl\/index.php?rest_route=%2Fwp%2Fv2%2Fmedia&parent=1414"}],"curies":[{"name":"wp","href":"https:\/\/api.w.org\/{rel}","templated":true}]}}