{"id":1722,"date":"2013-05-10T09:17:11","date_gmt":"2013-05-10T08:17:11","guid":{"rendered":"http:\/\/serwis.interactiveworld.pl\/?page_id=1722"},"modified":"2015-11-05T15:00:33","modified_gmt":"2015-11-05T14:00:33","slug":"fabiola-kopczynska","status":"publish","type":"page","link":"https:\/\/serwis.interactiveworld.pl\/?page_id=1722","title":{"rendered":"Fabiola Samborska"},"content":{"rendered":"<p><strong> Fabiola Samborska\u00a0<\/strong>&#8211; aktorka zwi\u0105zana kiedy\u015b z Teatrem Muzycznym w Gdyni oraz Teatrem Miniatura w Gda\u0144sku. Gra\u0142a r\u00f3wnie\u017c w serialu &#8222;Na wsp\u00f3lnej&#8221;.<br \/>\nSwoj\u0105 karier\u0119 jako prezenterka calltv rozpocz\u0119\u0142a wraz z powstaniem kana\u0142u TVN Gra. Widzowie pami\u0119taj\u0105 j\u0105 jako weso\u0142\u0105, mi\u0142\u0105, sympatyczn\u0105 oraz energiczn\u0105 prezenterk\u0119 kt\u00f3ra, posiada\u0142a specyficzny styl prowadzenia. Jako pierwsza po\u017cegna\u0142a si\u0119 ze stacj\u0105 TVN Gra. Po rozstaniu ze stacj\u0105 by\u0142a gospodyni\u0105 blok\u00f3w telezakup\u00f3w Mango. Obecnie Fabiola jest prezenterk\u0105 kana\u0142u Superstacja.<\/p>\n<p><strong> Programy <\/strong>: &#8222;Hej-na\u0142 Show&#8221;, &#8222;Kryminalne Zagadki&#8221;, &#8222;Seans Filmowy&#8221;, &#8222;Stra\u017cnik Kasy&#8221;, &#8222;Wrzu\u0107 na Luz&#8221; oraz &#8222;Wy\u015bcig po kas\u0119&#8221;.<\/p>\n<p style=\"text-align: center;\"><img loading=\"lazy\" decoding=\"async\" class=\"aligncenter wp-image-4953\" title=\"Fabiola Samborska - Wrzu\u0107 na Luz\" src=\"https:\/\/serwis.interactiveworld.pl\/wp-content\/uploads\/2011\/08\/Teraz2.png\" alt=\"Fabiola Samborska - Wrzu\u0107 na Luz\" width=\"390\" height=\"304\" srcset=\"https:\/\/serwis.interactiveworld.pl\/wp-content\/uploads\/2011\/08\/Teraz2.png 610w, https:\/\/serwis.interactiveworld.pl\/wp-content\/uploads\/2011\/08\/Teraz2-300x234.png 300w\" sizes=\"auto, (max-width: 390px) 100vw, 390px\" \/><strong>Fabiola Samborska w programie &#8222;Wrzu\u0107 na Luz&#8221; &#8211; 2008r.<\/strong><\/p>\n","protected":false},"excerpt":{"rendered":"<p>Fabiola Samborska\u00a0&#8211; aktorka zwi\u0105zana kiedy\u015b z Teatrem Muzycznym w Gdyni oraz Teatrem Miniatura w Gda\u0144sku. Gra\u0142a r\u00f3wnie\u017c w serialu &#8222;Na wsp\u00f3lnej&#8221;. Swoj\u0105 karier\u0119 jako prezenterka calltv rozpocz\u0119\u0142a wraz z powstaniem kana\u0142u TVN Gra. Widzowie pami\u0119taj\u0105 j\u0105 jako weso\u0142\u0105, mi\u0142\u0105, sympatyczn\u0105 oraz energiczn\u0105 prezenterk\u0119 kt\u00f3ra, posiada\u0142a specyficzny styl prowadzenia. Jako pierwsza po\u017cegna\u0142a si\u0119 ze stacj\u0105 TVN<a href=\"https:\/\/serwis.interactiveworld.pl\/?page_id=1722\">&nbsp;&nbsp;[wi&#281;cej]<\/a><\/p>\n","protected":false},"author":1,"featured_media":0,"parent":0,"menu_order":0,"comment_status":"open","ping_status":"open","template":"","meta":{"footnotes":""},"class_list":["post-1722","page","type-page","status-publish","hentry"],"_links":{"self":[{"href":"https:\/\/serwis.interactiveworld.pl\/index.php?rest_route=\/wp\/v2\/pages\/1722","targetHints":{"allow":["GET"]}}],"collection":[{"href":"https:\/\/serwis.interactiveworld.pl\/index.php?rest_route=\/wp\/v2\/pages"}],"about":[{"href":"https:\/\/serwis.interactiveworld.pl\/index.php?rest_route=\/wp\/v2\/types\/page"}],"author":[{"embeddable":true,"href":"https:\/\/serwis.interactiveworld.pl\/index.php?rest_route=\/wp\/v2\/users\/1"}],"replies":[{"embeddable":true,"href":"https:\/\/serwis.interactiveworld.pl\/index.php?rest_route=%2Fwp%2Fv2%2Fcomments&post=1722"}],"version-history":[{"count":6,"href":"https:\/\/serwis.interactiveworld.pl\/index.php?rest_route=\/wp\/v2\/pages\/1722\/revisions"}],"predecessor-version":[{"id":5097,"href":"https:\/\/serwis.interactiveworld.pl\/index.php?rest_route=\/wp\/v2\/pages\/1722\/revisions\/5097"}],"wp:attachment":[{"href":"https:\/\/serwis.interactiveworld.pl\/index.php?rest_route=%2Fwp%2Fv2%2Fmedia&parent=1722"}],"curies":[{"name":"wp","href":"https:\/\/api.w.org\/{rel}","templated":true}]}}