{"id":1727,"date":"2013-05-10T09:47:28","date_gmt":"2013-05-10T08:47:28","guid":{"rendered":"http:\/\/serwis.interactiveworld.pl\/?page_id=1727"},"modified":"2013-05-10T09:47:28","modified_gmt":"2013-05-10T08:47:28","slug":"krzysztof-bogalecki","status":"publish","type":"page","link":"https:\/\/serwis.interactiveworld.pl\/?page_id=1727","title":{"rendered":"Krzysztof Bogalecki"},"content":{"rendered":"<p><strong> Krzysztof Bogalecki <\/strong> &#8211; dziennikarz i konferansjer. Swoj\u0105 przygod\u0119 z calltv zacz\u0105\u0142 w programie &#8222;Graj o raj &#8211; wersja interaktywna&#8221; testowo nadawanego na antenie TVN Turbo. Ka\u017cdy z widz\u00f3w oraz fan\u00f3w program\u00f3w interaktywnych pami\u0119ta Krzysztofa jako szalonego, rozgadanego, dowcipnego, nieposkromionego, wr\u0119cz pozytywnie zakr\u0119conego prezentera. Prowadzi\u0142 wiele program\u00f3w na antenie TVN Siedem, TVN Gra oraz TVN Turbo.<br \/>\nPracowa\u0142 r\u00f3wnie\u017c jako radiowiec. By\u0142 prezenterem pasm programowych i serwis\u00f3w informacyjnych w Studenckim Radiu Sfera, pracowa\u0142 w Radio Gra (jako prezenter &#8222;Weekendu z Radiem Gra oraz prowadz\u0105cy autorski program &#8222;Brunet Wieczorow\u0105 Por\u0105&#8221;), by\u0142 r\u00f3wnie\u017c korespondentem w radiu WAWA. Wsp\u00f3\u0142pracowa\u0142 przy tworzeniu programu &#8222;Telewizja od kuchni&#8221; dla stacji TVN Style.<\/p>\n<p><strong> Programy <\/strong>: &#8222;Foto Gra&#8221;, &#8222;Garito&#8221;, &#8222;Graj o raj&#8221;, &#8222;Hej-na\u0142 show&#8221;, &#8222;Mania Grania&#8221;, &#8222;Rozbij Bank&#8221;, &#8222;Seans Filmowy&#8221; oraz &#8222;Wy\u015bcig po kas\u0119&#8221;.<\/p>\n<p style=\"text-align: center;\">\n<img src='http:\/\/img835.imageshack.us\/img835\/9951\/krzysiek2k.jpg' border='0'\/><br \/>\n<strong> Roz\u015bpiewany Krzysztof w &#8222;Wy\u015bcigu po kas\u0119&#8221; <\/strong><\/p>\n<p style=\"text-align: center;\">\n<img src='http:\/\/img46.imageshack.us\/img46\/1056\/krzysiek3d.jpg' border='0'\/><br \/>\n<strong> Krzysztof w &#8222;Rozbij Bank&#8221; <\/strong><\/p>\n","protected":false},"excerpt":{"rendered":"<p>Krzysztof Bogalecki &#8211; dziennikarz i konferansjer. Swoj\u0105 przygod\u0119 z calltv zacz\u0105\u0142 w programie &#8222;Graj o raj &#8211; wersja interaktywna&#8221; testowo nadawanego na antenie TVN Turbo. Ka\u017cdy z widz\u00f3w oraz fan\u00f3w program\u00f3w interaktywnych pami\u0119ta Krzysztofa jako szalonego, rozgadanego, dowcipnego, nieposkromionego, wr\u0119cz pozytywnie zakr\u0119conego prezentera. Prowadzi\u0142 wiele program\u00f3w na antenie TVN Siedem, TVN Gra oraz TVN Turbo.<a href=\"https:\/\/serwis.interactiveworld.pl\/?page_id=1727\">&nbsp;&nbsp;[wi&#281;cej]<\/a><\/p>\n","protected":false},"author":1,"featured_media":0,"parent":0,"menu_order":0,"comment_status":"open","ping_status":"open","template":"","meta":{"footnotes":""},"class_list":["post-1727","page","type-page","status-publish","hentry"],"_links":{"self":[{"href":"https:\/\/serwis.interactiveworld.pl\/index.php?rest_route=\/wp\/v2\/pages\/1727","targetHints":{"allow":["GET"]}}],"collection":[{"href":"https:\/\/serwis.interactiveworld.pl\/index.php?rest_route=\/wp\/v2\/pages"}],"about":[{"href":"https:\/\/serwis.interactiveworld.pl\/index.php?rest_route=\/wp\/v2\/types\/page"}],"author":[{"embeddable":true,"href":"https:\/\/serwis.interactiveworld.pl\/index.php?rest_route=\/wp\/v2\/users\/1"}],"replies":[{"embeddable":true,"href":"https:\/\/serwis.interactiveworld.pl\/index.php?rest_route=%2Fwp%2Fv2%2Fcomments&post=1727"}],"version-history":[{"count":2,"href":"https:\/\/serwis.interactiveworld.pl\/index.php?rest_route=\/wp\/v2\/pages\/1727\/revisions"}],"predecessor-version":[{"id":1729,"href":"https:\/\/serwis.interactiveworld.pl\/index.php?rest_route=\/wp\/v2\/pages\/1727\/revisions\/1729"}],"wp:attachment":[{"href":"https:\/\/serwis.interactiveworld.pl\/index.php?rest_route=%2Fwp%2Fv2%2Fmedia&parent=1727"}],"curies":[{"name":"wp","href":"https:\/\/api.w.org\/{rel}","templated":true}]}}