{"id":18,"date":"2011-04-02T12:01:36","date_gmt":"2011-04-02T12:01:36","guid":{"rendered":"http:\/\/interactiveworld.cba.pl\/?page_id=18"},"modified":"2018-08-28T22:15:38","modified_gmt":"2018-08-28T21:15:38","slug":"anna-lerczak","status":"publish","type":"page","link":"https:\/\/serwis.interactiveworld.pl\/?page_id=18","title":{"rendered":"Anna Lerczak"},"content":{"rendered":"<p><strong>Anna Lerczak <\/strong>&#8211; prezenterka od 2005 r. Zadebiutowa\u0142a w Telemedia InteracTV.\u00a0 Pierwszy program, kt\u00f3ry poprowadzi\u0142a to &#8222;Nocne Igraszki&#8221; w TVN. W tej stacji by\u0142a gospodyni\u0105 r\u00f3wnie\u017c teleturniej\u00f3w &#8222;Wykr\u0119\u0107 Numer&#8221;, &#8222;Kasa Gra&#8221; oraz &#8222;Wieczorne Igraszki&#8221;. W TV4 prowadzi\u0142a &#8222;Wygraj fortun\u0119&#8221;, &#8222;Dziewczyn fortuny&#8221; oraz &#8222;Dziewczyny z Fortun\u0105&#8221;. Pojawia\u0142a si\u0119 tak\u017ce w &#8222;Wygraj Teraz&#8221; w Polsat2. Od 2010 do 2013 r. prowadzi\u0142a &#8222;Dziewczyny z Fortun\u0105&#8221; pod szyldem Green Hat Studios. W 2013 r. pojawi\u0142a si\u0119 w programie &#8222;\u0141owcy Nagr\u00f3d&#8221; w Polonii1, kt\u00f3ry zmieni\u0142 si\u0119 w &#8222;Zagadkow\u0105 Wysp\u0119&#8221; i prowadzi go do dzisiaj.<\/p>\n<p style=\"text-align: center;\"><img loading=\"lazy\" decoding=\"async\" class=\"aligncenter wp-image-3219 size-full\" title=\"Nocne Igraszki -Telemedia InteracTV - Anna Lerczak\" src=\"https:\/\/serwis.interactiveworld.pl\/wp-content\/uploads\/2011\/04\/Nocne-Igraszki.png\" alt=\"Nocne Igraszki -Telemedia InteracTV - Anna Lerczak\" width=\"360\" height=\"288\" srcset=\"https:\/\/serwis.interactiveworld.pl\/wp-content\/uploads\/2011\/04\/Nocne-Igraszki.png 360w, https:\/\/serwis.interactiveworld.pl\/wp-content\/uploads\/2011\/04\/Nocne-Igraszki-300x240.png 300w\" sizes=\"auto, (max-width: 360px) 100vw, 360px\" \/><strong>\u00a0 &#8222;Nocne Igraszki&#8221; \u00a0(2006r.)<\/strong><\/p>\n<hr \/>\n<p style=\"text-align: center;\"><img loading=\"lazy\" decoding=\"async\" class=\"aligncenter wp-image-3220 size-full\" title=\"Wykr\u0119\u0107 numer - Telemedia InteracTV - Anna Lerczak\" src=\"https:\/\/serwis.interactiveworld.pl\/wp-content\/uploads\/2011\/04\/Wykr\u0119\u0107-numer.png\" alt=\"Wykr\u0119\u0107 numer - Telemedia InteracTV - Anna Lerczak\" width=\"360\" height=\"288\" srcset=\"https:\/\/serwis.interactiveworld.pl\/wp-content\/uploads\/2011\/04\/Wykr\u0119\u0107-numer.png 360w, https:\/\/serwis.interactiveworld.pl\/wp-content\/uploads\/2011\/04\/Wykr\u0119\u0107-numer-300x240.png 300w\" sizes=\"auto, (max-width: 360px) 100vw, 360px\" \/><strong>&#8222;Wykr\u0119\u0107 Numer&#8221; (2007 r.)<\/strong><\/p>\n<hr \/>\n<p style=\"text-align: center;\"><img loading=\"lazy\" decoding=\"async\" class=\"aligncenter wp-image-3235 size-full\" title=\"Kasa Gra - Telemedia Interactv - Ania Lerczak\" src=\"https:\/\/serwis.interactiveworld.pl\/wp-content\/uploads\/2011\/04\/Kaska.png\" alt=\"Kasa Gra - Telemedia Interactv - Ania Lerczak\" width=\"360\" height=\"288\" srcset=\"https:\/\/serwis.interactiveworld.pl\/wp-content\/uploads\/2011\/04\/Kaska.png 360w, https:\/\/serwis.interactiveworld.pl\/wp-content\/uploads\/2011\/04\/Kaska-300x240.png 300w\" sizes=\"auto, (max-width: 360px) 100vw, 360px\" \/>\u00a0<strong>&#8222;Kasa Gra&#8221; (2007 r.)<\/strong><\/p>\n<hr \/>\n<p style=\"text-align: center;\"><strong><img loading=\"lazy\" decoding=\"async\" class=\"aligncenter wp-image-5180\" src=\"https:\/\/serwis.interactiveworld.pl\/wp-content\/uploads\/2011\/08\/Lerczak.png\" alt=\"Lerczak\" width=\"390\" height=\"304\" srcset=\"https:\/\/serwis.interactiveworld.pl\/wp-content\/uploads\/2011\/08\/Lerczak.png 610w, https:\/\/serwis.interactiveworld.pl\/wp-content\/uploads\/2011\/08\/Lerczak-300x234.png 300w\" sizes=\"auto, (max-width: 390px) 100vw, 390px\" \/>&#8222;Wygraj Fortun\u0119&#8221;\u00a0(2008 r.)<\/strong><\/p>\n<hr \/>\n<p style=\"text-align: center;\"><img loading=\"lazy\" decoding=\"async\" class=\"aligncenter wp-image-4869\" title=\"Wygraj Teraz - Telemedia InteracTV - Anna Lerczak\" src=\"https:\/\/serwis.interactiveworld.pl\/wp-content\/uploads\/2015\/10\/Lerczak.png\" alt=\"Wygraj Teraz - Telemedia InteracTV - Anna Lerczak\" width=\"390\" height=\"304\" srcset=\"https:\/\/serwis.interactiveworld.pl\/wp-content\/uploads\/2015\/10\/Lerczak.png 610w, https:\/\/serwis.interactiveworld.pl\/wp-content\/uploads\/2015\/10\/Lerczak-300x234.png 300w\" sizes=\"auto, (max-width: 390px) 100vw, 390px\" \/><strong>&#8222;Wygraj Teraz&#8221;<\/strong> <strong>(2008 r.)<\/strong><\/p>\n<hr \/>\n<p style=\"text-align: center;\"><img loading=\"lazy\" decoding=\"async\" class=\"aligncenter wp-image-3223 size-full\" title=\"Kasa Na Bank - Telemedia InteracTV - Ania Lerczak \" src=\"https:\/\/serwis.interactiveworld.pl\/wp-content\/uploads\/2011\/04\/Kasa-Na-Bank.bmp\" alt=\"Kasa Na Bank - Telemedia InteracTV - Ania Lerczak \" width=\"360\" height=\"288\" srcset=\"https:\/\/serwis.interactiveworld.pl\/wp-content\/uploads\/2011\/04\/Kasa-Na-Bank.bmp 360w, https:\/\/serwis.interactiveworld.pl\/wp-content\/uploads\/2011\/04\/Kasa-Na-Bank-300x240.bmp 300w\" sizes=\"auto, (max-width: 360px) 100vw, 360px\" \/><strong>&#8222;Kasa na Bank&#8221;<\/strong>\u00a0<strong>(2009 r.)<\/strong><\/p>\n<hr \/>\n<p style=\"text-align: center;\"><strong><img loading=\"lazy\" decoding=\"async\" class=\"aligncenter wp-image-3224 size-full\" src=\"https:\/\/serwis.interactiveworld.pl\/wp-content\/uploads\/2011\/04\/Dziewczyny-fortuny.png\" alt=\"Dziewczyny fortuny - Telemedia InteracTV - Ania Lerczak\" width=\"360\" height=\"288\" srcset=\"https:\/\/serwis.interactiveworld.pl\/wp-content\/uploads\/2011\/04\/Dziewczyny-fortuny.png 360w, https:\/\/serwis.interactiveworld.pl\/wp-content\/uploads\/2011\/04\/Dziewczyny-fortuny-300x240.png 300w\" sizes=\"auto, (max-width: 360px) 100vw, 360px\" \/>\u00a0&#8222;Dziewczyny fortuny&#8221; <strong>(2009 r.)<\/strong><\/strong><\/p>\n<hr \/>\n<p style=\"text-align: center;\"><img loading=\"lazy\" decoding=\"async\" class=\"aligncenter wp-image-3229 size-full\" title=\"Dziewczyny z fortun\u0105 - Telemedia InteracTV- Anna Lerczak\" src=\"https:\/\/serwis.interactiveworld.pl\/wp-content\/uploads\/2011\/04\/Dziewczyny-z-fortun\u0105-1.png\" alt=\"Dziewczyny z fortun\u0105 - Telemedia InteracTV- Anna Lerczak\" width=\"360\" height=\"288\" srcset=\"https:\/\/serwis.interactiveworld.pl\/wp-content\/uploads\/2011\/04\/Dziewczyny-z-fortun\u0105-1.png 360w, https:\/\/serwis.interactiveworld.pl\/wp-content\/uploads\/2011\/04\/Dziewczyny-z-fortun\u0105-1-300x240.png 300w\" sizes=\"auto, (max-width: 360px) 100vw, 360px\" \/><strong>&#8222;Dziewczyny z fortun\u0105&#8221; (2010 r.)<\/strong><\/p>\n<hr \/>\n<p style=\"text-align: center;\"><img loading=\"lazy\" decoding=\"async\" class=\"aligncenter wp-image-4699\" title=\"Dziewczyny z fortun\u0105 - Green Hat Studios - Ania Lerczak\" src=\"https:\/\/serwis.interactiveworld.pl\/wp-content\/uploads\/2011\/04\/Ania-Lerczak.png\" alt=\"Dziewczyny z fortun\u0105 - Green Hat Studios - Ania Lerczak\" width=\"450\" height=\"275\" srcset=\"https:\/\/serwis.interactiveworld.pl\/wp-content\/uploads\/2011\/04\/Ania-Lerczak.png 900w, https:\/\/serwis.interactiveworld.pl\/wp-content\/uploads\/2011\/04\/Ania-Lerczak-300x183.png 300w\" sizes=\"auto, (max-width: 450px) 100vw, 450px\" \/><strong>\u00a0<\/strong><strong>&#8222;Dziewczyny z fortun\u0105&#8221;<\/strong> <strong>(2013 r.)<\/strong><\/p>\n<hr \/>\n<p style=\"text-align: center;\"><img loading=\"lazy\" decoding=\"async\" class=\"aligncenter wp-image-4700\" title=\"\u0141owcy Nagr\u00f3d - Green Hat Studios - Anna Lerczak\" src=\"https:\/\/serwis.interactiveworld.pl\/wp-content\/uploads\/2011\/04\/Ania-Lerczak1.png\" alt=\"\u0141owcy Nagr\u00f3d - Green Hat Studios - Anna Lerczak\" width=\"450\" height=\"275\" srcset=\"https:\/\/serwis.interactiveworld.pl\/wp-content\/uploads\/2011\/04\/Ania-Lerczak1.png 900w, https:\/\/serwis.interactiveworld.pl\/wp-content\/uploads\/2011\/04\/Ania-Lerczak1-300x183.png 300w\" sizes=\"auto, (max-width: 450px) 100vw, 450px\" \/><b>&#8222;\u0141owcy Nagr\u00f3d&#8221; (2014 r.)<\/b><\/p>\n<hr \/>\n<p style=\"text-align: center;\"><img loading=\"lazy\" decoding=\"async\" class=\"aligncenter wp-image-4675\" title=\"Zagadkowa Wyspa - Green Hat Studios - Anna Lerczak\" src=\"https:\/\/serwis.interactiveworld.pl\/wp-content\/uploads\/2014\/12\/Lerczak-Tele-5.png\" alt=\"Zagadkowa Wyspa - Green Hat Studios - Anna Lerczak\" width=\"450\" height=\"275\" srcset=\"https:\/\/serwis.interactiveworld.pl\/wp-content\/uploads\/2014\/12\/Lerczak-Tele-5.png 900w, https:\/\/serwis.interactiveworld.pl\/wp-content\/uploads\/2014\/12\/Lerczak-Tele-5-300x183.png 300w\" sizes=\"auto, (max-width: 450px) 100vw, 450px\" \/><strong>&#8222;Zagadkowa wyspa&#8221; (2015 r.)<\/strong><\/p>\n","protected":false},"excerpt":{"rendered":"<p>Anna Lerczak &#8211; prezenterka od 2005 r. Zadebiutowa\u0142a w Telemedia InteracTV.\u00a0 Pierwszy program, kt\u00f3ry poprowadzi\u0142a to &#8222;Nocne Igraszki&#8221; w TVN. W tej stacji by\u0142a gospodyni\u0105 r\u00f3wnie\u017c teleturniej\u00f3w &#8222;Wykr\u0119\u0107 Numer&#8221;, &#8222;Kasa Gra&#8221; oraz &#8222;Wieczorne Igraszki&#8221;. W TV4 prowadzi\u0142a &#8222;Wygraj fortun\u0119&#8221;, &#8222;Dziewczyn fortuny&#8221; oraz &#8222;Dziewczyny z Fortun\u0105&#8221;. Pojawia\u0142a si\u0119 tak\u017ce w &#8222;Wygraj Teraz&#8221; w Polsat2. Od 2010<a href=\"https:\/\/serwis.interactiveworld.pl\/?page_id=18\">&nbsp;&nbsp;[wi&#281;cej]<\/a><\/p>\n","protected":false},"author":1,"featured_media":0,"parent":0,"menu_order":0,"comment_status":"open","ping_status":"open","template":"","meta":{"footnotes":""},"class_list":["post-18","page","type-page","status-publish","hentry"],"_links":{"self":[{"href":"https:\/\/serwis.interactiveworld.pl\/index.php?rest_route=\/wp\/v2\/pages\/18","targetHints":{"allow":["GET"]}}],"collection":[{"href":"https:\/\/serwis.interactiveworld.pl\/index.php?rest_route=\/wp\/v2\/pages"}],"about":[{"href":"https:\/\/serwis.interactiveworld.pl\/index.php?rest_route=\/wp\/v2\/types\/page"}],"author":[{"embeddable":true,"href":"https:\/\/serwis.interactiveworld.pl\/index.php?rest_route=\/wp\/v2\/users\/1"}],"replies":[{"embeddable":true,"href":"https:\/\/serwis.interactiveworld.pl\/index.php?rest_route=%2Fwp%2Fv2%2Fcomments&post=18"}],"version-history":[{"count":45,"href":"https:\/\/serwis.interactiveworld.pl\/index.php?rest_route=\/wp\/v2\/pages\/18\/revisions"}],"predecessor-version":[{"id":6433,"href":"https:\/\/serwis.interactiveworld.pl\/index.php?rest_route=\/wp\/v2\/pages\/18\/revisions\/6433"}],"wp:attachment":[{"href":"https:\/\/serwis.interactiveworld.pl\/index.php?rest_route=%2Fwp%2Fv2%2Fmedia&parent=18"}],"curies":[{"name":"wp","href":"https:\/\/api.w.org\/{rel}","templated":true}]}}