{"id":194,"date":"2011-04-08T06:57:51","date_gmt":"2011-04-08T06:57:51","guid":{"rendered":"http:\/\/interactiveworld.cba.pl\/?page_id=194"},"modified":"2018-01-02T21:02:17","modified_gmt":"2018-01-02T20:02:17","slug":"karolina-kolodziej","status":"publish","type":"page","link":"https:\/\/serwis.interactiveworld.pl\/?page_id=194","title":{"rendered":"Karolina Ko\u0142odziej"},"content":{"rendered":"<p><strong>Karolina Ko\u0142odziej<\/strong> &#8211; by\u0142a prezenterk\u0105 w Telemedia InteracTV. Prowadzi\u0142a &#8222;Kas\u0119 na bank&#8221;, &#8222;Nagrod\u0119 Gwarantowan\u0105&#8221;, &#8222;Zagadkow\u0105 Noc&#8221; i &#8222;Rusz G\u0142ow\u0105&#8221;.<\/p>\n<p style=\"text-align: center;\">\n<p style=\"text-align: center;\"><object width=\"480\" height=\"390\"><param name=\"movie\" value=\"http:\/\/www.youtube.com\/v\/vhW-6umW7B8?fs=1&amp;hl=pl_PL\" \/><param name=\"allowFullScreen\" value=\"true\" \/><param name=\"allowscriptaccess\" value=\"always\" \/><embed type=\"application\/x-shockwave-flash\" width=\"480\" height=\"390\" src=\"http:\/\/www.youtube.com\/v\/vhW-6umW7B8?fs=1&amp;hl=pl_PL\" allowscriptaccess=\"always\" allowfullscreen=\"allowfullscreen\" \/><\/object><\/p>\n<p style=\"text-align: center;\"><strong>Karolina Ko\u0142odziej w &#8222;Nagroda gwarantowana&#8221;<\/strong>.<\/p>\n","protected":false},"excerpt":{"rendered":"<p>Karolina Ko\u0142odziej &#8211; by\u0142a prezenterk\u0105 w Telemedia InteracTV. Prowadzi\u0142a &#8222;Kas\u0119 na bank&#8221;, &#8222;Nagrod\u0119 Gwarantowan\u0105&#8221;, &#8222;Zagadkow\u0105 Noc&#8221; i &#8222;Rusz G\u0142ow\u0105&#8221;. Karolina Ko\u0142odziej w &#8222;Nagroda gwarantowana&#8221;.<\/p>\n","protected":false},"author":1,"featured_media":0,"parent":0,"menu_order":0,"comment_status":"open","ping_status":"open","template":"","meta":{"footnotes":""},"class_list":["post-194","page","type-page","status-publish","hentry"],"_links":{"self":[{"href":"https:\/\/serwis.interactiveworld.pl\/index.php?rest_route=\/wp\/v2\/pages\/194","targetHints":{"allow":["GET"]}}],"collection":[{"href":"https:\/\/serwis.interactiveworld.pl\/index.php?rest_route=\/wp\/v2\/pages"}],"about":[{"href":"https:\/\/serwis.interactiveworld.pl\/index.php?rest_route=\/wp\/v2\/types\/page"}],"author":[{"embeddable":true,"href":"https:\/\/serwis.interactiveworld.pl\/index.php?rest_route=\/wp\/v2\/users\/1"}],"replies":[{"embeddable":true,"href":"https:\/\/serwis.interactiveworld.pl\/index.php?rest_route=%2Fwp%2Fv2%2Fcomments&post=194"}],"version-history":[{"count":2,"href":"https:\/\/serwis.interactiveworld.pl\/index.php?rest_route=\/wp\/v2\/pages\/194\/revisions"}],"predecessor-version":[{"id":6279,"href":"https:\/\/serwis.interactiveworld.pl\/index.php?rest_route=\/wp\/v2\/pages\/194\/revisions\/6279"}],"wp:attachment":[{"href":"https:\/\/serwis.interactiveworld.pl\/index.php?rest_route=%2Fwp%2Fv2%2Fmedia&parent=194"}],"curies":[{"name":"wp","href":"https:\/\/api.w.org\/{rel}","templated":true}]}}