{"id":4219,"date":"2015-03-25T23:16:43","date_gmt":"2015-03-25T22:16:43","guid":{"rendered":"http:\/\/serwis.interactiveworld.pl\/?page_id=4219"},"modified":"2019-03-10T10:15:22","modified_gmt":"2019-03-10T09:15:22","slug":"monika-laskowska","status":"publish","type":"page","link":"https:\/\/serwis.interactiveworld.pl\/?page_id=4219","title":{"rendered":"Monika Laskowska"},"content":{"rendered":"<p><strong>Monika Laskowska<\/strong> &#8211; aktorka, konferansjerka,\u00a0absolwentka filologii germa\u0144skiej. Na swoim koncie ma kilka go\u015bcinnych r\u00f3l w filmach,\u00a0serialach i reklamach.\u00a0Prowadzi grupy taneczne: salsy, samby, hula i thaiti.\u00a0Monika go\u015bcinnie prowadzi\u0142a 2 wydania programu &#8222;Zagadkowa Jedynka&#8221;. By\u0142a jedn\u0105 z gospody\u0144 programu \u201eDziewczyny Fortuny\u201d. Obecnie pojawia si\u0119 tak\u017ce\u00a0w teleturnieju\u00a0\u201eZagadkowa Wyspa\u201d<em>\u00a0<\/em>emitowanym na antenie <em>Tele5<\/em> i <em>Polonii1<\/em>.<\/p>\n<p style=\"text-align: center;\"><img loading=\"lazy\" decoding=\"async\" class=\"aligncenter wp-image-5285\" title=\"Monika Laskowska\" src=\"https:\/\/serwis.interactiveworld.pl\/wp-content\/uploads\/2015\/03\/Nocne-Granie.png\" alt=\"Monika Laskowska\" width=\"450\" height=\"270\" srcset=\"https:\/\/serwis.interactiveworld.pl\/wp-content\/uploads\/2015\/03\/Nocne-Granie.png 600w, https:\/\/serwis.interactiveworld.pl\/wp-content\/uploads\/2015\/03\/Nocne-Granie-300x180.png 300w\" sizes=\"auto, (max-width: 450px) 100vw, 450px\" \/><strong>Monika Laskowska w programie\u00a0\u201eDziewczyny Fortuny\u201d<\/strong><\/p>\n<p style=\"text-align: center;\">\n","protected":false},"excerpt":{"rendered":"<p>Monika Laskowska &#8211; aktorka, konferansjerka,\u00a0absolwentka filologii germa\u0144skiej. Na swoim koncie ma kilka go\u015bcinnych r\u00f3l w filmach,\u00a0serialach i reklamach.\u00a0Prowadzi grupy taneczne: salsy, samby, hula i thaiti.\u00a0Monika go\u015bcinnie prowadzi\u0142a 2 wydania programu &#8222;Zagadkowa Jedynka&#8221;. By\u0142a jedn\u0105 z gospody\u0144 programu \u201eDziewczyny Fortuny\u201d. Obecnie pojawia si\u0119 tak\u017ce\u00a0w teleturnieju\u00a0\u201eZagadkowa Wyspa\u201d\u00a0emitowanym na antenie Tele5 i Polonii1. Monika Laskowska w programie\u00a0\u201eDziewczyny Fortuny\u201d<\/p>\n","protected":false},"author":6,"featured_media":0,"parent":0,"menu_order":0,"comment_status":"closed","ping_status":"closed","template":"","meta":{"footnotes":""},"class_list":["post-4219","page","type-page","status-publish","hentry"],"_links":{"self":[{"href":"https:\/\/serwis.interactiveworld.pl\/index.php?rest_route=\/wp\/v2\/pages\/4219","targetHints":{"allow":["GET"]}}],"collection":[{"href":"https:\/\/serwis.interactiveworld.pl\/index.php?rest_route=\/wp\/v2\/pages"}],"about":[{"href":"https:\/\/serwis.interactiveworld.pl\/index.php?rest_route=\/wp\/v2\/types\/page"}],"author":[{"embeddable":true,"href":"https:\/\/serwis.interactiveworld.pl\/index.php?rest_route=\/wp\/v2\/users\/6"}],"replies":[{"embeddable":true,"href":"https:\/\/serwis.interactiveworld.pl\/index.php?rest_route=%2Fwp%2Fv2%2Fcomments&post=4219"}],"version-history":[{"count":16,"href":"https:\/\/serwis.interactiveworld.pl\/index.php?rest_route=\/wp\/v2\/pages\/4219\/revisions"}],"predecessor-version":[{"id":6621,"href":"https:\/\/serwis.interactiveworld.pl\/index.php?rest_route=\/wp\/v2\/pages\/4219\/revisions\/6621"}],"wp:attachment":[{"href":"https:\/\/serwis.interactiveworld.pl\/index.php?rest_route=%2Fwp%2Fv2%2Fmedia&parent=4219"}],"curies":[{"name":"wp","href":"https:\/\/api.w.org\/{rel}","templated":true}]}}