{"id":5776,"date":"2016-06-22T13:37:24","date_gmt":"2016-06-22T11:37:24","guid":{"rendered":"http:\/\/serwis.interactiveworld.pl\/?page_id=5776"},"modified":"2019-02-21T21:12:31","modified_gmt":"2019-02-21T20:12:31","slug":"klejnot-tv","status":"publish","type":"page","link":"https:\/\/serwis.interactiveworld.pl\/?page_id=5776","title":{"rendered":"Klejnot TV"},"content":{"rendered":"<p><img loading=\"lazy\" decoding=\"async\" class=\"aligncenter wp-image-5777\" src=\"https:\/\/serwis.interactiveworld.pl\/wp-content\/uploads\/2016\/06\/18.06.2016-Klejnot-TV.png\" alt=\"18.06.2016 - KlejnotTV\" width=\"460\" height=\"257\" srcset=\"https:\/\/serwis.interactiveworld.pl\/wp-content\/uploads\/2016\/06\/18.06.2016-Klejnot-TV.png 833w, https:\/\/serwis.interactiveworld.pl\/wp-content\/uploads\/2016\/06\/18.06.2016-Klejnot-TV-300x167.png 300w, https:\/\/serwis.interactiveworld.pl\/wp-content\/uploads\/2016\/06\/18.06.2016-Klejnot-TV-768x429.png 768w\" sizes=\"auto, (max-width: 460px) 100vw, 460px\" \/><\/p>\n<p><em><strong>KlejnotTV<\/strong><\/em> &#8211; interaktywne pasmo telezakup\u00f3w nadawane na kanale <em>Polonia1<\/em> i <em>Tele5<\/em>. Wcze\u015bniej emitowane tak\u017ce w <em>PoloTV<\/em>, <em>SuperStacji<\/em> i <em>TVS<\/em>. \u00a0W programie mog\u0105 Pa\u0144stwo zakupi\u0107 bi\u017cuteri\u0119 m. in. z kolekcji <em>Emporia<\/em> lub z kamieniami <em>Swarovski<\/em>ego. <em>KlejnotTV<\/em> to telezakupy produkowane przez w\u0119giersk\u0105 sp\u00f3\u0142k\u0119 <em>Telemedia Interac TV<\/em>, kt\u00f3ra znana jest w Polsce z produkcji teleturniej\u00f3w interaktywnych m. in.: &#8222;Wielkiej Wygranej&#8221;, &#8222;Dziewczyn Fortuny&#8221; itp. Strona internetowa programu:\u00a0<em><a href=\"https:\/\/www.klejnottv.pl\/\">www.klejnottv.pl<\/a><\/em><\/p>\n<p><strong>Program prowadz\u0105:<\/strong>\u00a0<a href=\"https:\/\/serwis.interactiveworld.pl\/?page_id=184\">Bianka Gibaszewska<\/a>, <a href=\"https:\/\/serwis.interactiveworld.pl\/?page_id=259\">Marzena Ziarek<\/a>, Ksenia Chlebicka, Sylwia Soko\u0142owska, Beata Kacprzyk, i Dominika Komarnicka.<\/p>\n<p><strong>Program prowadzili:<\/strong>\u00a0<a href=\"https:\/\/serwis.interactiveworld.pl\/?page_id=1598\">Diana Hoffmann<\/a>, Valentina, Kalia Kanaliowicz, Anna Baranowska, Kamila Sobczak i Izabela Meldo.<\/p>\n<p><center>\u00a0<iframe loading=\"lazy\" src=\"https:\/\/www.youtube.com\/embed\/DISvg612kLc\" width=\"450\" height=\"275\" frameborder=\"0\" allowfullscreen=\"allowfullscreen\"><\/iframe><\/center><center>Ksenia Chlebicka<\/center><center><\/center><center><iframe loading=\"lazy\" src=\"https:\/\/www.youtube.com\/embed\/26WxH7FYs5I\" width=\"450\" height=\"275\" frameborder=\"0\" allowfullscreen=\"allowfullscreen\"><\/iframe><\/center><center><em><em>Bianka Gibaszewska<br \/>\n<\/em><\/em><\/center><\/p>\n<hr \/>\n<p><center><iframe loading=\"lazy\" src=\"https:\/\/www.youtube.com\/embed\/aZbOnjWbZJw\" width=\"450\" height=\"275\" frameborder=\"0\" allowfullscreen=\"allowfullscreen\"><\/iframe><\/center><center><em>Valentina<\/em><\/center><\/p>\n<hr \/>\n<p><center><iframe loading=\"lazy\" src=\"https:\/\/www.youtube.com\/embed\/nFiCju5ZMv0\" width=\"450\" height=\"275\" frameborder=\"0\" allowfullscreen=\"allowfullscreen\"><\/iframe><\/center><center><em>Diana Hoffmann<\/em><\/center><\/p>\n<hr \/>\n<p><center><iframe loading=\"lazy\" src=\"https:\/\/www.youtube.com\/embed\/VM31XP1G1oY\" width=\"450\" height=\"275\" frameborder=\"0\" allowfullscreen=\"allowfullscreen\"><\/iframe><\/center><center>Kalia Kanaliowicz<\/center><\/p>\n<hr \/>\n<p><center><iframe loading=\"lazy\" src=\"https:\/\/www.youtube.com\/embed\/80hCCqgzKAE\" width=\"450\" height=\"275\" frameborder=\"0\" allowfullscreen=\"allowfullscreen\"><\/iframe><\/center><center><em><em>Anna Baranowska<br \/>\n<\/em><\/em><\/center><\/p>\n<hr \/>\n<p><center><iframe loading=\"lazy\" src=\"https:\/\/www.youtube.com\/embed\/NEbbzPRN-ys\" width=\"450\" height=\"275\" frameborder=\"0\" allowfullscreen=\"allowfullscreen\"><\/iframe><\/center><center><em>Marzena Ziarek<\/em><\/center><\/p>\n","protected":false},"excerpt":{"rendered":"<p>KlejnotTV &#8211; interaktywne pasmo telezakup\u00f3w nadawane na kanale Polonia1 i Tele5. Wcze\u015bniej emitowane tak\u017ce w PoloTV, SuperStacji i TVS. \u00a0W programie mog\u0105 Pa\u0144stwo zakupi\u0107 bi\u017cuteri\u0119 m. in. z kolekcji Emporia lub z kamieniami Swarovskiego. KlejnotTV to telezakupy produkowane przez w\u0119giersk\u0105 sp\u00f3\u0142k\u0119 Telemedia Interac TV, kt\u00f3ra znana jest w Polsce z produkcji teleturniej\u00f3w interaktywnych m. in.:<a href=\"https:\/\/serwis.interactiveworld.pl\/?page_id=5776\">&nbsp;&nbsp;[wi&#281;cej]<\/a><\/p>\n","protected":false},"author":6,"featured_media":0,"parent":0,"menu_order":0,"comment_status":"closed","ping_status":"closed","template":"","meta":{"footnotes":""},"class_list":["post-5776","page","type-page","status-publish","hentry"],"_links":{"self":[{"href":"https:\/\/serwis.interactiveworld.pl\/index.php?rest_route=\/wp\/v2\/pages\/5776","targetHints":{"allow":["GET"]}}],"collection":[{"href":"https:\/\/serwis.interactiveworld.pl\/index.php?rest_route=\/wp\/v2\/pages"}],"about":[{"href":"https:\/\/serwis.interactiveworld.pl\/index.php?rest_route=\/wp\/v2\/types\/page"}],"author":[{"embeddable":true,"href":"https:\/\/serwis.interactiveworld.pl\/index.php?rest_route=\/wp\/v2\/users\/6"}],"replies":[{"embeddable":true,"href":"https:\/\/serwis.interactiveworld.pl\/index.php?rest_route=%2Fwp%2Fv2%2Fcomments&post=5776"}],"version-history":[{"count":17,"href":"https:\/\/serwis.interactiveworld.pl\/index.php?rest_route=\/wp\/v2\/pages\/5776\/revisions"}],"predecessor-version":[{"id":6596,"href":"https:\/\/serwis.interactiveworld.pl\/index.php?rest_route=\/wp\/v2\/pages\/5776\/revisions\/6596"}],"wp:attachment":[{"href":"https:\/\/serwis.interactiveworld.pl\/index.php?rest_route=%2Fwp%2Fv2%2Fmedia&parent=5776"}],"curies":[{"name":"wp","href":"https:\/\/api.w.org\/{rel}","templated":true}]}}