{"id":85,"date":"2011-04-03T06:36:37","date_gmt":"2011-04-03T06:36:37","guid":{"rendered":"http:\/\/interactiveworld.cba.pl\/?page_id=85"},"modified":"2019-02-12T21:02:21","modified_gmt":"2019-02-12T20:02:21","slug":"monika-ordowska","status":"publish","type":"page","link":"https:\/\/serwis.interactiveworld.pl\/?page_id=85","title":{"rendered":"Monika Ordowska"},"content":{"rendered":"<p><strong>Monika Ordowska <\/strong>jest\u00a0modelk\u0105, aktork\u0105, debiutowa\u0142a w programie &#8222;Dziewczyny z fortun\u0105&#8221;. Zdoby\u0142a koron\u0119 &#8222;Kr\u00f3lowej Miss&#8221; w 2008 roku, a w telewizyjnej &#8222;czw\u00f3rce&#8221; pojawi\u0142a si\u0119 3 marca 2011 roku. Z 8 na 9 czerwca poprowadzi\u0142a sw\u00f3j pierwszy nocny program, a zarazem now\u0105 ods\u0142on\u0119 programu Zagadkowa noc, a mianowicie &#8211; &#8222;Zagadkowa noc w bikini&#8221;. Ostatnio prowadzi\u0142a program na antenie Polonia 1 &#8211; &#8222;Zagadkowa Wyspa&#8221;, kt\u00f3ry zast\u0105pi\u0142 &#8222;\u0141owc\u00f3w Nagr\u00f3d&#8221;.<\/p>\n<p style=\"text-align: center;\"><img loading=\"lazy\" decoding=\"async\" class=\"aligncenter wp-image-4656\" title=\"Monika Ordowska\" src=\"https:\/\/serwis.interactiveworld.pl\/wp-content\/uploads\/2011\/04\/Ordowska-1.png\" alt=\"Monika Ordowska\" width=\"450\" height=\"286\" srcset=\"https:\/\/serwis.interactiveworld.pl\/wp-content\/uploads\/2011\/04\/Ordowska-1.png 550w, https:\/\/serwis.interactiveworld.pl\/wp-content\/uploads\/2011\/04\/Ordowska-1-300x191.png 300w\" sizes=\"auto, (max-width: 450px) 100vw, 450px\" \/><strong>Monika Ordowska na antenie Polsatu w programie &#8222;Zagadkowa noc w bikini&#8221; (2012r.)<\/strong><\/p>\n<hr \/>\n<p style=\"text-align: center;\"><img loading=\"lazy\" decoding=\"async\" class=\"aligncenter wp-image-4660\" title=\"Monika Ordowska - Dziewczyny z fortun\u0105\" src=\"https:\/\/serwis.interactiveworld.pl\/wp-content\/uploads\/2011\/04\/Ordowska-DZF.png\" alt=\"Monika Ordowska - Dziewczyny z fortun\u0105\" width=\"450\" height=\"275\" srcset=\"https:\/\/serwis.interactiveworld.pl\/wp-content\/uploads\/2011\/04\/Ordowska-DZF.png 900w, https:\/\/serwis.interactiveworld.pl\/wp-content\/uploads\/2011\/04\/Ordowska-DZF-300x183.png 300w\" sizes=\"auto, (max-width: 450px) 100vw, 450px\" \/><strong>Monika na antenie TV4 w &#8222;Dziewczynach z fortun\u0105&#8221; \u00a0(2013r.)<\/strong><\/p>\n<hr \/>\n<p style=\"text-align: center;\"><img loading=\"lazy\" decoding=\"async\" class=\"aligncenter wp-image-4657\" title=\"Monika Ordowska\" src=\"https:\/\/serwis.interactiveworld.pl\/wp-content\/uploads\/2011\/04\/Ordowska-2.png\" alt=\"Monika Ordowska\" width=\"450\" height=\"286\" srcset=\"https:\/\/serwis.interactiveworld.pl\/wp-content\/uploads\/2011\/04\/Ordowska-2.png 550w, https:\/\/serwis.interactiveworld.pl\/wp-content\/uploads\/2011\/04\/Ordowska-2-300x191.png 300w\" sizes=\"auto, (max-width: 450px) 100vw, 450px\" \/><strong>Monika Ordowska w &#8222;Zagadkowej Nocy&#8221; na antenie Polsatu (2013r.)<\/strong><\/p>\n<hr \/>\n<p style=\"text-align: center;\"><img loading=\"lazy\" decoding=\"async\" class=\"aligncenter wp-image-4661\" title=\"\u0141owcy Nagr\u00f3d\" src=\"https:\/\/serwis.interactiveworld.pl\/wp-content\/uploads\/2011\/04\/Ordowska.png\" alt=\"\u0141owcy Nagr\u00f3d\" width=\"450\" height=\"275\" srcset=\"https:\/\/serwis.interactiveworld.pl\/wp-content\/uploads\/2011\/04\/Ordowska.png 900w, https:\/\/serwis.interactiveworld.pl\/wp-content\/uploads\/2011\/04\/Ordowska-300x183.png 300w\" sizes=\"auto, (max-width: 450px) 100vw, 450px\" \/><strong>Monika Ordowska w &#8222;\u0141owcach Nagr\u00f3d&#8221; na antenie\u00a0Tele5\u00a0(2014r.)<\/strong><\/p>\n<hr \/>\n<p style=\"text-align: center;\"><img loading=\"lazy\" decoding=\"async\" class=\"aligncenter wp-image-4681\" title=\"Dziewczyny z fortun\u0105\" src=\"https:\/\/serwis.interactiveworld.pl\/wp-content\/uploads\/2011\/08\/Ordowska-Polsat.png\" alt=\"Dziewczyny z fortun\u0105\" width=\"450\" height=\"275\" srcset=\"https:\/\/serwis.interactiveworld.pl\/wp-content\/uploads\/2011\/08\/Ordowska-Polsat.png 900w, https:\/\/serwis.interactiveworld.pl\/wp-content\/uploads\/2011\/08\/Ordowska-Polsat-300x183.png 300w\" sizes=\"auto, (max-width: 450px) 100vw, 450px\" \/><strong>Monika Ordowska w &#8222;Dziewczynach z fortun\u0105&#8221; na kanale Polsat (2014r.)<\/strong><\/p>\n<hr \/>\n<p style=\"text-align: center;\"><img loading=\"lazy\" decoding=\"async\" class=\"aligncenter wp-image-4674\" title=\"Zagadkowa wyspa\" src=\"https:\/\/serwis.interactiveworld.pl\/wp-content\/uploads\/2014\/12\/Ordowska-P1.png\" alt=\"\" width=\"450\" height=\"275\" srcset=\"https:\/\/serwis.interactiveworld.pl\/wp-content\/uploads\/2014\/12\/Ordowska-P1.png 900w, https:\/\/serwis.interactiveworld.pl\/wp-content\/uploads\/2014\/12\/Ordowska-P1-300x183.png 300w\" sizes=\"auto, (max-width: 450px) 100vw, 450px\" \/><strong>Monika na pla\u017cy w programie &#8222;Zagadkowa Wyspa&#8221; &#8211; 2015r.<\/strong><\/p>\n<hr \/>\n<p style=\"text-align: center;\"><strong><img loading=\"lazy\" decoding=\"async\" class=\"aligncenter wp-image-5283\" src=\"https:\/\/serwis.interactiveworld.pl\/wp-content\/uploads\/2015\/03\/Kasa-Gra.png\" alt=\"Monika\" width=\"450\" height=\"270\" srcset=\"https:\/\/serwis.interactiveworld.pl\/wp-content\/uploads\/2015\/03\/Kasa-Gra.png 600w, https:\/\/serwis.interactiveworld.pl\/wp-content\/uploads\/2015\/03\/Kasa-Gra-300x180.png 300w\" sizes=\"auto, (max-width: 450px) 100vw, 450px\" \/>Monika Ordowska w programie &#8222;Dziewczyny Fortuny&#8221; na antenie SuperStacji (2016r.)<\/strong><\/p>\n<p style=\"text-align: center;\">\n","protected":false},"excerpt":{"rendered":"<p>Monika Ordowska jest\u00a0modelk\u0105, aktork\u0105, debiutowa\u0142a w programie &#8222;Dziewczyny z fortun\u0105&#8221;. Zdoby\u0142a koron\u0119 &#8222;Kr\u00f3lowej Miss&#8221; w 2008 roku, a w telewizyjnej &#8222;czw\u00f3rce&#8221; pojawi\u0142a si\u0119 3 marca 2011 roku. Z 8 na 9 czerwca poprowadzi\u0142a sw\u00f3j pierwszy nocny program, a zarazem now\u0105 ods\u0142on\u0119 programu Zagadkowa noc, a mianowicie &#8211; &#8222;Zagadkowa noc w bikini&#8221;. Ostatnio prowadzi\u0142a program na<a href=\"https:\/\/serwis.interactiveworld.pl\/?page_id=85\">&nbsp;&nbsp;[wi&#281;cej]<\/a><\/p>\n","protected":false},"author":1,"featured_media":0,"parent":0,"menu_order":0,"comment_status":"open","ping_status":"open","template":"","meta":{"footnotes":""},"class_list":["post-85","page","type-page","status-publish","hentry"],"_links":{"self":[{"href":"https:\/\/serwis.interactiveworld.pl\/index.php?rest_route=\/wp\/v2\/pages\/85","targetHints":{"allow":["GET"]}}],"collection":[{"href":"https:\/\/serwis.interactiveworld.pl\/index.php?rest_route=\/wp\/v2\/pages"}],"about":[{"href":"https:\/\/serwis.interactiveworld.pl\/index.php?rest_route=\/wp\/v2\/types\/page"}],"author":[{"embeddable":true,"href":"https:\/\/serwis.interactiveworld.pl\/index.php?rest_route=\/wp\/v2\/users\/1"}],"replies":[{"embeddable":true,"href":"https:\/\/serwis.interactiveworld.pl\/index.php?rest_route=%2Fwp%2Fv2%2Fcomments&post=85"}],"version-history":[{"count":23,"href":"https:\/\/serwis.interactiveworld.pl\/index.php?rest_route=\/wp\/v2\/pages\/85\/revisions"}],"predecessor-version":[{"id":6578,"href":"https:\/\/serwis.interactiveworld.pl\/index.php?rest_route=\/wp\/v2\/pages\/85\/revisions\/6578"}],"wp:attachment":[{"href":"https:\/\/serwis.interactiveworld.pl\/index.php?rest_route=%2Fwp%2Fv2%2Fmedia&parent=85"}],"curies":[{"name":"wp","href":"https:\/\/api.w.org\/{rel}","templated":true}]}}